a factor of 2865781?
False
Is 19 a factor of 229520?
True
Is 269 a factor of 1416057?
False
Does 2 divide 4783?
False
Does 13 divide 130535?
False
Is 2975406 a multiple of 21?
True
Is 67 a factor of 5757980?
True
Is 14 a factor of 136491?
False
Is 2482844 a multiple of 182?
True
Is 607852 a multiple of 238?
True
Is 20 a factor of 37697?
False
Is 137 a factor of 30277?
True
Does 59 divide 20709?
True
Does 5 divide 2189972?
False
Does 584 divide 6178136?
True
Does 18 divide 563922?
True
Is 2017349 a multiple of 5?
False
Is 8689950 a multiple of 27?
True
Is 21004 a multiple of 115?
False
Is 91 a factor of 174174?
True
Is 173 a factor of 1452639?
False
Is 16701912 a multiple of 24?
True
Does 131 divide 479591?
True
Is 413 a factor of 13806106?
False
Does 10 divide 7471383?
False
Is 4246409 a multiple of 146?
False
Is 115 a factor of 194810?
True
Does 5 divide 272700?
True
Is 106 a factor of 3357868?
True
Is 33 a factor of 349508?
False
Is 60 a factor of 87780?
True
Does 269 divide 455148?
True
Does 79 divide 2203705?
True
Is 15 a factor of 377850?
True
Does 14 divide 202675?
False
Is 220 a factor of 612987?
False
Is 8 a factor of 208667?
False
Does 84 divide 63672?
True
Is 31 a factor of 27481996?
True
Is 9 a factor of 2241792?
True
Is 59322 a multiple of 8?
False
Is 2 a factor of 12386?
True
Does 26 divide 110780?
False
Does 1576 divide 3293840?
True
Is 22 a factor of 86504?
True
Is 44746 a multiple of 173?
False
Is 51 a factor of 1433728?
False
Is 28323 even?
False
Does 225 divide 1082700?
True
Does 43 divide 642721?
True
Is 12 a factor of 1477680?
True
Is 5 a factor of 345905?
True
Is 796059 a multiple of 27?
False
Is 3869244 a multiple of 112?
False
Is 16870816 a multiple of 74?
True
Does 34 divide 321933?
False
Is 17 a factor of 1851708?
True
Does 3 divide 7764?
True
Is 6 a factor of 35688?
True
Is 8775443 a multiple of 45?
False
Does 36 divide 826423?
False
Is 80058 a multiple of 4?
False
Does 17 divide 5755724?
True
Does 41 divide 743494?
True
Is 1271656 a multiple of 164?
True
Is 6 a factor of 121080?
True
Does 10 divide 2586371?
False
Is 797406 a multiple of 2?
True
Does 9 divide 1407186?
True
Does 507 divide 23825883?
False
Is 4523752 a multiple of 36?
False
Is 1692740 a multiple of 62?
False
Is 17758061 a multiple of 222?
False
Does 66 divide 896016?
True
Does 4 divide 423600?
True
Is 12325844 a multiple of 13?
False
Does 30 divide 1022070?
True
Is 6 a factor of 30798?
True
Is 38 a factor of 568379?
False
Is 560 a factor of 20193600?
True
Is 18252247 a multiple of 17?
False
Does 785 divide 622505?
True
Does 1490 divide 184690?
False
Does 147 divide 381915?
False
Does 302 divide 141245?
False
Does 529 divide 181976?
True
Does 25 divide 148250?
True
Is 15 a factor of 11149?
False
Is 136108 a multiple of 56?
False
Is 1608430 a multiple of 18?
False
Does 470 divide 570925?
False
Does 148 divide 11601595?
False
Is 23797671 a multiple of 323?
True
Is 1560 a factor of 15094560?
True
Is 1032344 a multiple of 344?
True
Is 18 a factor of 8985?
False
Is 4 a factor of 24084?
True
Is 249 a factor of 14794833?
True
Is 62 a factor of 1560354?
True
Is 936343 a multiple of 223?
False
Is 2347515 a multiple of 27?
True
Does 10 divide 605499?
False
Does 32 divide 244563?
False
Is 134 a factor of 3643300?
False
Is 456 a factor of 2579054?
False
Is 1315642 a multiple of 281?
True
Is 54 a factor of 10206?
True
Is 2146089 a multiple of 53?
False
Is 4 a factor of 60748?
True
Is 232 a factor of 156620?
False
Is 1697852 a multiple of 412?
True
Does 505 divide 1144330?
True
Is 70 a factor of 345730?
True
Does 14 divide 21593972?
False
Does 11 divide 15166?
False
Is 31205412 a multiple of 18?
True
Does 29 divide 129042?
False
Does 189 divide 647672?
False
Does 224 divide 26656?
True
Is 3 a factor of 55411?
False
Does 123 divide 149199?
True
Is 25 a factor of 110500?
True
Is 3176359 even?
False
Is 5881038 a multiple of 631?
False
Is 556002 a multiple of 414?
True
Is 113 a factor of 214240?
False
Does 360 divide 10635578?
False
Is 2307262 a multiple of 32?
False
Is 95 a factor of 114000?
True
Is 7089362 a multiple of 11?
False
Is 3214452 a multiple of 74?
False
Is 146471 a multiple of 19?
True
Does 25 divide 4181867?
False
Is 288082 a multiple of 34?
True
Does 290 divide 2345962?
False
Is 1459728 a multiple of 124?
True
Is 447040 a multiple of 16?
True
Does 3 divide 12321?
True
Is 2635025 a multiple of 120?
False
Is 964 a factor of 23062737?
False
Is 1798968 a multiple of 177?
False
Does 360 divide 5656?
False
Is 1354496 a multiple of 22?
True
Is 13 a factor of 23816?
True
Does 54 divide 1650186?
True
Is 167 a factor of 3255498?
True
Does 26 divide 85254?
True
Is 3082868 a multiple of 464?
False
Does 295 divide 147566?
False
Does 26 divide 247754?
True
Is 20 a factor of 160737?
False
Is 65 a factor of 809705?
True
Is 29 a factor of 2482893?
True
Is 181 a factor of 421328?
False
Is 246655 a multiple of 550?
False
Is 40 a factor of 33320?
True
Is 15 a factor of 593543?
False
Is 16 a factor of 1214035?
False
Is 382083 a multiple of 21?
False
Is 757 a factor of 36570670?
True
Is 122 a factor of 38430?
True
Does 6 divide 27882?
True
Is 18049104 a multiple of 202?
True
Does 49 divide 1430901?
False
Is 103331 a multiple of 4?
False
Is 16 a factor of 3528944?
True
Is 373852 a multiple of 62?
False
Does 40 divide 2817280?
True
Is 40572 a multiple of 441?
True
Is 115839 a multiple of 61?
True
Is 163608 a multiple of 204?
True
Is 5 a factor of 57235?
True
Is 14 a factor of 97629?
False
Is 120914 a multiple of 133?
False
Does 20 divide 11018?
False
Is 131 a factor of 11414468?
False
Is 449 a factor of 99229?
True
Is 103 a factor of 51294?
True
Is 18 a factor of 674062?
False
Does 265 divide 1576485?
True
Is 4547363 a multiple of 244?
False
Is 3 a factor of 153077?
False
Is 526 a factor of 187078?
False
Does 8 divide 116754?
False
Is 481234 a multiple of 83?
True
Is 642192 a multiple of 11?
False
Is 19 a factor of 3820710?
True
Does 71 divide 18318?
True
Does 52 divide 111956?
True
Is 800621 a multiple of 28?
False
Is 391 a factor of 496621?
False
Is 2197 a factor of 19681592?
False
Is 366 a factor of 88938?
True
Is 67277 a multiple of 7?
True
Does 1241 divide 5700586?
False
Is 894797 a multiple of 16?
False
Does 394 divide 9008416?
True
Is 22671 a multiple of 7?
False
Does 311 divide 25813?
True
Is 71620 a multiple of 8?
False
Is 14 a factor of 42569?
False
Is 9 a factor of 1024497?
True
Is 126 a factor of 28759?
False
Is 102 a factor of 289680?
True
Is 28 a factor of 223692?
True
Is 15 a factor of 58260?
True
Is 6 a factor of 116886?
True
Does 373 divide 227903?
True
Is 1414 a factor of 5227558?
True
Is 4 a factor of 144024?
True
Does 146 divide 698795?
False
Is 8 a factor of 306117?
False
Is 6 a factor of 44376?
True
Is 113250 a multiple of 453?
True
Does 21 divide 9080051?
False
Is 11 a factor of 21408?
False
Is 169 a factor of 1796348?
False
Is 2781048 a multiple of 8?
True
Is 203 a factor of 313?
False
Does 21 divide 101178?
True
Is 2558813 a multiple of 66?
False
Is 621 a factor of 6669540?
True
Is 119817 a multiple of 10?
False
Does 7 divide 1125288?
False
Does 2 divide 421384?
True
Is 3080430 a multiple of 45?
True
Does 3 divide 61543?
False
Does 35 divide 6273960?
True
Is 252 a factor of 2930256?
True
Is 111060 a multiple of 90?
True
Does 77 divide 10783003?
True
Does 135 divide 15531872?
False
Does 36 divide 1344895?
False
Is 151164 a multiple of 52?
True
Is 79 a factor of 740151?
True
Does 22 divide 8455678?
True
Does 290 divide 7803900?
True
Is 53 a factor of 2446904?
True
Does 4 divide 585648?
True
Is 96 a factor of 1944759?
False
Does 54 divide 11097508?
False
Is 13002956 a multiple of 1739?
False
Is 34 a factor of 116654?
True
Is 55 a factor of 730235?
True
Does 10 divide 258880?
True
Is 114285 a multiple of 128?
False
Is 254788 a multiple of 33?
False
Is 1321650 a multiple of 675?
True
Does 142 divide 263073?
False
Is 59 a factor of 300074?
True
Is 17 a factor of 18784031?
True
Does 88 divide 2525066?
False
Is 13 a factor of 15829166?
False
Is 34928 a multiple of 59?
True
Is 47 a factor of 338212?
True
Is 6 a factor of 6329370?
True
Does 11 divide 865304?
True
Is 75 a factor of 1106175?
True
Is 67 a factor of 3870242?
False
Does 236 divide 14147020?
True
Doe